(v). Let h(y) = -y**2 - 6*y - 7. Let r be h(-2). Give g(r).
7
Let h(a) = -3*a**2 - a - 1. Suppose 3*u + 4 = -3*f - u, 3*u = f - 16. Suppose f*l = 6*l. Suppose 10*s - 5*s + 10 = l. Determine h(s).
-11
Let y(d) = 2*d**2 + 2580 - 3*d**2 - 2565. What is y(3)?
6
Suppose -18 = 28*l - 31*l. Let s(r) = -7*r + 1 + 782*r**2 - 393*r**2 - 388*r**2. What is s(l)?
-5
Let t(l) = 3*l + l + 1 + l. Let v be ((-3)/2 + 0)/((-21)/2968). Let c = v + -211. Calculate t(c).
6
Suppose -67*a = 87*a - 171*a. Let h(p) = p**3 - 4*p - 13. Give h(a).
-13
Let m(k) be the third derivative of k**6/60 + 11*k**5/60 - 5*k**4/12 - 3*k**3/2 - 1758*k**2. Calculate m(-6).
15
Let r(n) be the second derivative of -7*n**4/12 - 3*n**3 + 3*n**2 - 2431*n. What is r(-3)?
-3
Let l(g) = 2*g**2 - 52 - 618*g + 307*g - 3*g**2 + 287*g. Calculate l(-22).
-8
Let f(j) = -32*j**3 - 33*j**3 + 16*j**2 - 26*j**3 - 7 + 89*j**3 + j. Determine f(8).
1
Let x(s) = -7*s**3 + s**2 - s + 2. Let z(l) = l**3 + 32*l**2 - 73*l - 169. Let o be z(-34). Give x(o).
-5
Let t(a) = -11 - 7*a**2 + 4*a**2 - 2*a - 6 + 6 + 4*a**2. Give t(3).
-8
Suppose 196*p - 263*p = 9 + 58. Let b(h) = -29*h - 17. Determine b(p).
12
Let m(o) = o**3 - 5*o**2 - 12*o - 15. Let u(n) = n**3 - 5*n**2 - 11*n - 14. Let z(i) = 4*m(i) - 5*u(i). Give z(4).
54
Suppose -4*f + 35 = -6*d + d, -3*d = 3*f - 33. Suppose 0 = 6*x - 22 + f. Let q(m) = -3*m**3 + 2*m - 2. Determine q(x).
-22
Suppose d - 10 = 6*d. Let t(p) = 76*p + 7 - 8 - 59*p - 29*p. Give t(d).
23
Let z(x) = -48*x**2 - 119*x - 3. Let o(p) = -16*p**2 - 42*p - 1. Let u(a) = 17*o(a) - 6*z(a). Let b be ((-2)/4)/(5/10). Calculate u(b).
17
Let f = 282 - 207. Suppose 0 = 6*d + 57 - f. Let u(s) = -s - 3. Determine u(d).
-6
Let p(v) = 32*v + 32*v - 60*v + 3 - 5. Let k(i) = i + 2. Let z(q) = 2*k(q) - p(q). Give z(6).
-6
Let l(d) be the second derivative of -d**4/12 - 2*d**3/3 - 13*d**2/2 - 3077*d. Give l(-5).
-18
Let z = 1008 + -1008. Let y(i) be the first derivative of 0*i**2 - 2 - 15*i + 1/3*i**3. Calculate y(z).
-15
Let z(v) = -v**2 - 51*v + 105. Let s = 10342 + -10340. Determine z(s).
-1
Let o = -44 + 2. Let t be 2/7 - 72/o. Let r(h) = -h - h + h + 0*h**t - 2*h**2. Give r(1).
-3
Let j(z) be the third derivative of z**6/120 + 3*z**5/20 + 7*z**4/24 + 4*z**3/3 + 93*z**2 - z + 1. Calculate j(-6).
74
Suppose -32 = -2*g + 63*p - 59*p, -2*p = -5*g + 40. Let n(k) = -2*k**3 + 13*k**2 - 5*k + 2. Determine n(g).
8
Let f(k) = -k**3 + 3*k**2 + 6*k + 3. Let z(y) = -2*y**3 + 170*y**2 + 173*y - 88. Let x be z(86). Determine f(x).
11
Let j(l) = -l**2 + 2*l + 20. Suppose -610*d = -540*d - 490. Determine j(d).
-15
Let l(h) = -4*h**3 - h. Suppose 0 = -8*v + 6*v - 8. Let a(y) = -17*y - 1. Let j(c) = 8*c + 1. Let b(z) = -6*a(z) - 13*j(z). Let i be b(v). Give l(i).
-5
Suppose 5*x + 5*d + 0 - 10 = 0, 0 = 5*x + d - 10. Let w(m) = 0*m**3 + 2315 + m**3 + 7*m**2 + 9*m + 3*m**x - 2319. Give w(-9).
-4
Let t(r) = 21*r + 43. Let u(v) = -30*v - 63. Let g(w) = 8*t(w) + 5*u(w). What is g(-2)?
-7
Let w(k) = 3*k + 3. Let p be 13/((-247)/95) + 5. What is w(p)?
3
Let w(s) = -51*s - 5. Suppose -38*j = 28*j + 2*j - 68. Give w(j).
-56
Let w(s) = -108*s - 1135. Let x(d) = 32*d + 377. Let h(t) = 2*w(t) + 7*x(t). Give h(-46).
1
Let d(u) be the first derivative of 3*u**2 - 3*u + 147. Let n be d(0). Let t(f) = -3*f - 5. Calculate t(n).
4
Let u be 2 + 3 - -1*2. Let j = u - -1. Let d(b) = 11*b**2 + 35*b - 1. Let a(w) = -3*w**2 - 11*w. Let m(c) = 7*a(c) + 2*d(c). Determine m(j).
6
Let n(o) = 112*o**2 - o**3 - 4 + 75*o**2 - 186*o**2 + 44*o + 0. Determine n(7).
10
Suppose 23*f - 29*f + 6 = 0. Let s be (-5)/(-20)*-4*f. Let t(x) = 3*x**2 + 6*x + 5. Let k(y) = -2*y**2 - 7*y - 6. Let c(r) = -4*k(r) - 5*t(r). Calculate c(s).
-6
Let m(k) = -44*k**3 + 3*k**2 + 4*k + 2. Let i be m(-1). Let a(b) = i - 16 + b - 24. What is a(-5)?
0
Let u(o) = -112 - o**3 - 12*o**2 + 7*o - 36*o + 214 - 112 - 4*o. Determine u(-8).
-2
Let y(t) = 45 - 258*t + 524*t - 256*t. Give y(-4).
5
Let n(u) = u**2 - 15*u - 18. Suppose -2*y + 5*p = -70, 5*y + p - 202 = -54. Suppose -k + i = -15, 26*k = y*k + 4*i - 68. Give n(k).
-2
Let n(l) = -l**2 - 3*l + 217. Suppose -70*h - 21*h + 1157 = -2*h. Calculate n(h).
9
Suppose 3*k - 11*k = 656. Let y = -81 - k. Let l(d) = -5 - y - d + 8 - 12. Calculate l(-10).
0
Let l(w) = -w**3 - 23*w**2 - 45*w + 24. Let t be l(-21). Let o = 29 - t. Let z = 57 + o. Let j(g) = 7*g**3 - 2*g - 1. Determine j(z).
-6
Let p be 3*(1 + 2)*1. Let x be (-4)/(-3)*p/(-3). Let n(u) = 262*u - 6. Let h(y) = -654*y + 14. Let r(d) = -2*h(d) - 5*n(d). Calculate r(x).
10
Let s(f) = 38*f**2 + 12*f. Let x(w) = -88*w**2 - 23*w + 1. Let u(q) = -7*s(q) - 3*x(q). Give u(-10).
-53
Let a(y) = 11*y - 66. Let p(l) = l**2 - 25*l - 21. Let k be p(-1). What is a(k)?
-11
Let w = 0 + 1. Let p(m) be the second derivative of -5*m**3/6 + 233*m + 10. Calculate p(w).
-5
Let h(l) be the third derivative of l**4/12 - l**3/3 + 9*l**2. Let f(z) = 2*z**2 - 4. Suppose 0 = 3*q - 7*q + 8. Let x be f(q). Calculate h(x).
6
Let u be -5*(56/(-20) + 0). Let w(f) = -10*f - 14. Let k(j) = 2*j + 3. Let a(m) = u*k(m) + 3*w(m). Suppose 2*y = 4*n - 4, 5*n - 7*y = -5*y + 3. What is a(n)?
2
Let i(r) = r**2 + 10*r - 1. Suppose -3*d + 4*l + 117 - 126 = 0, -32 = 4*d - 2*l. Calculate i(d).
10
Let z(g) = -g**3 - 13*g**2 + 4. Let c be z(-13). Suppose 0 = -c*u + 16 + 8. Let s(b) = b - 1. What is s(u)?
5
Let j(i) = -i**2 + 16*i + 88. Let s be j(20). Let t(z) = -21*z + 175. Let l be t(s). Let h(d) = -d**2 + 7*d + 7. Calculate h(l).
7
Let u(i) = -10*i + 2. Let s = -127 + 126. Let c be (-3)/((-15)/6 - s). Determine u(c).
-18
Suppose 4*d = -3*g + 6*d, -2*g - d = -7. Let w(i) = i**3 - 3*i**2 + 7*i - 9. What is w(g)?
1
Let g(r) = r**3 + 2*r**2 - 3*r + 2. Let y(b) = 2*b**3 + 9*b**2 - 6*b - 4. Let k(a) = 3*g(a) - y(a). Calculate k(4).
14
Let l be (81/54)/(3/412). Let v = -219 + l. Let o(g) = -g**2 - 14*g - 7. What is o(v)?
6
Suppose 4387 - 4499 = 14*g. Let b(h) = 2*h**2 + 12*h - 12. Give b(g).
20
Let z(l) = l**2 + 3 + 0*l + l**3 - l + 2*l**2. Let c be 77/14*(52/22 - 2). Suppose 2*w + 14 = -c*p, 5*p - 3*w + 5 = 2*w. What is z(p)?
-9
Let u(v) = -39*v - 126. Let j(d) = d. Let t(i) = 36*j(i) + u(i). Calculate t(-37).
-15
Let v(z) = 4*z**2. Let n(b) = b + 5. Let f be n(-7). Let x(j) = -3*j**2 - j + 1. Let h(p) = f*v(p) - 3*x(p). Suppose -5*s - 20 = -s. Calculate h(s).
7
Let l = 8 - 10. Let x(z) = 13*z - 8. Let q(n) = n**2 - 23*n + 28. Let i be q(22). Let h(w) = 25*w - 15. Let u(t) = i*h(t) - 11*x(t). Calculate u(l).
-16
Let p(u) = 7*u - 6. Let o(t) = -t**2 + 28*t - 123. Let v be o(23). Calculate p(v).
-62
Let x(r) = r**2 - 10*r + 18. Let i(h) = -h**3 + 2*h**2 + 32*h - 84. Let l be i(3). Determine x(l).
-3
Let r(z) = -z**3 - 10*z**2 + 11*z + 3. Let y(w) = w - 18. Suppose -5*k = -0*n + 4*n - 19, 3*k - 17 = -n. Let c be y(k). What is r(c)?
3
Suppose -11*a + 12*a = -2. Let c be (a - 138)*20/(-50). Let v = c - 53. Let j(l) = -l**2 + 6*l - 3. What is j(v)?
6
Let j(k) be the second derivative of -k**4/12 + k**3 + 2*k - 15190. Let t(y) = 2*y**2 + y - 1. Let w be t(-2). Determine j(w).
5
Let r = 6738 + -6744. Let i(a) = -a - 24. What is i(r)?
-18
Let q(h) = 3*h**3 - 4*h**2 - 3*h + 18. Let j(c) = 8*c**3 - 10*c**2 - 9*c + 51. Let p(s) = -4*j(s) + 11*q(s). Give p(4).
6
Let c(s) = -12*s - 73. Let x be c(-13). Suppose 17 = 5*v - x. Let l be (v/30)/((-2)/15). Let r(n) = n**3 + 4*n**2 - 4*n + 3. Calculate r(l).
-2
Suppose -2 = -p - 3*t + 1, 3*t - 39 = 5*p. Let u(n) = -6*n**2 - 35*n - 5. Let m be u(p). Let b(i) = i + 1. Give b(m).
-10
Let j = -557 - -560. Let r(g) = -28*g**j + 16*g**3 + 3 - 2*g + 11*g**3 + 5*g**2. What is r(5)?
-7
Let f(g) = 0*g - 2 - 6*g + 2*g**2 + 2*g. Suppose -1 = 5*i + 6*p - 10*p, -4*p = -2*i - 10. Determine f(i).
4
Let t be -3 - -6 - 32*-1. Suppose 2*c + 14 = -5*z + 8*z, -4*z - t = 5*c. Let h(x) = -x**3 - 7*x**2 - x - 7. Calculate h(c).
0
Let k(x) = -x**2 + 2*x - 10. Let n be (2/4)/((-89)/1068). Determine k(n).
-58
Let d(v) = -v**3 + 5*v**2 + 10*v - 47. Let u be d(5). Let y(a) = 3 + u*a**2 + 2 - 4*a**2 - 5. Calculate y(-4).
-16
Let q be (-112)/(-18) + 16/(-72). Let d(g) = 6 - q*g + 12*g - 5. What is d(1)?
7
Let y(c) = c**3 + 9*c**2 - 1. Suppose -7*n = 8*n + 600. Let j = -38 - n. Suppose -3*u - 4 = q + j, -q - 2*u = 7. Calculate y(q).
-1